4. Let n = 270 - u. What are the prime factors of n/15 + 12/30?
2
Suppose 0 = 2*b + 4*w, 4*b - 2*b - 4*w = 24. Let s(a) be the first derivative of a**4/2 - 3*a**3 + 9*a**2/2 - 6*a + 272. List the prime factors of s(b).
2, 3, 13
Let a = -90 - -94. Suppose -2*s - 923 = -7*s + a*i, -5*s + 2*i + 919 = 0. List the prime factors of s.
3, 61
Let a(l) = 21*l + 39. Let b(g) = g**3 - 14*g**2 + 22*g + 29. Let x be b(12). What are the prime factors of a(x)?
2, 3
Suppose 4*z = -s + 3346, 1558 = 3*z - 5*s - 963. Suppose 4*v = -r + 399, 2*r + 0*r - z = 5*v. What are the prime factors of r?
3, 137
Let q = 2 + 674. Suppose -f + 439 = -q. List the prime factors of f.
5, 223
Suppose 22*q - 5760 = 2*q. Let u(c) = -121*c - 1. Let i be u(-4). Let v = i - q. List the prime factors of v.
3, 5, 13
Suppose -k - 10 = -2*c, 5*k = -c + 21 - 16. What are the prime factors of -187*(-4)/(c + -1)?
11, 17
Suppose -2 = s, -7*j + 4*s + 18 = -2*j. Let q be (-6)/15 - (-85)/25. Suppose 0 = -q*m + x + 496, 0 = -j*m + 5*x - 14 + 323. What are the prime factors of m?
167
Let u(b) = 488*b - 116. Let y be u(3). Suppose -1221 - y = -7*h. List the prime factors of h.
367
Let p(c) = -18*c + 68. Let q(v) = -v + 86. Let b(t) = 29. Let z(i) = -17*b(i) + 6*q(i). Let m(a) = 4*p(a) - 11*z(a). What are the prime factors of m(-7)?
61
Let s = -6175 + 22585. What are the prime factors of s?
2, 3, 5, 547
What are the prime factors of 1308 - ((-4)/(-34) - 255/(-289))?
1307
Let h(b) = 219*b + 2. Let k be h(8). Suppose 254 = -4*y + k. Let o = 569 - y. List the prime factors of o.
2, 97
Let q(z) = 8*z**2 - 6*z + 4. Let x be (1 - 0)/(-1) + 3 + -5. Let a(n) = n**2 + n + 1. Let w(g) = x*a(g) + q(g). What are the prime factors of w(5)?
3
Let o = -2 + 86. Suppose 91*i - 7231 = o*i. List the prime factors of i.
1033
Let l(r) = r**3 + 13*r**2 + 9*r + 39. Let b = -156 - -144. What are the prime factors of l(b)?
3, 5
Suppose -6*n + 15256 = -11402 - 8388. List the prime factors of n.
3, 11, 59
Let b = 161 + -157. Let t(y) = 6*y**3 - 3*y**2 + 5*y - 5. What are the prime factors of t(b)?
3, 13
Let c = 124 - 106. Let a(l) = -l**3 + 20*l**2 + 4*l - 42. What are the prime factors of a(c)?
2, 3, 113
Suppose 0 = 15*p + 53 - 83. Suppose -2824 = -p*h - 818. List the prime factors of h.
17, 59
Let z = -8694 - -17913. What are the prime factors of z?
3, 7, 439
Suppose x - 2 = -q + 19, 3*x + 12 = 0. Suppose 5678 = q*y - 8*y. What are the prime factors of y?
2, 167
Suppose -4290*q + 478478 = -4264*q. List the prime factors of q.
7, 11, 239
Suppose -2*t + 4*o + 21326 = 0, 2*t - 3*o + 53406 = 7*t. What are the prime factors of t?
3, 3559
Let z = -126 - -131. Suppose -z*u = -542 - 388. List the prime factors of u.
2, 3, 31
Suppose 7*v - 130 = -19*v. Suppose -v*w = 26*w - 14415. List the prime factors of w.
3, 5, 31
Suppose 0 = -18*l + 5 - 167. Let z be ((-6)/l)/((-6)/(-14733)). Suppose 0 = -8*r + z + 723. What are the prime factors of r?
5, 59
List the prime factors of 7/(-14) + ((-222836)/(-8) - -1).
3, 5, 619
Let w(p) = -p**3 - 22*p**2 + 13*p + 21. Let u(x) = -11 - 16*x + 0 + 7 - 3*x. Let f be u(1). What are the prime factors of w(f)?
251
Let n(o) = -544*o + 446. List the prime factors of n(-22).
2, 3, 2069
Let m = -682 + 1194. Suppose 16*g - 14*g = m. What are the prime factors of g?
2
Suppose t = -2*d + 10 + 4, 5*t - 10 = 2*d. Suppose -d*s - 1 = -16. Suppose -167 = 2*h - 5*h - 2*l, -3*h + s*l + 177 = 0. List the prime factors of h.
3, 19
Suppose 0 = -5*y + 2*r + 51589 + 97144, 2*y = 4*r + 59490. What are the prime factors of y?
151, 197
Let y(w) = -w**2 + 25*w - 29. Suppose 7*u = 15 + 783. Suppose -p = 2*z + 3*p - 50, -5*z + p = -u. What are the prime factors of y(z)?
17
Let i = -389 - -400. Suppose 0 = i*y - y - 2740. List the prime factors of y.
2, 137
Let o(c) = -c**2 + 3*c + 18. Let v be o(6). Suppose v = 7*k + 4*k - 4763. What are the prime factors of k?
433
Suppose 4*d - 148973 = 5*r, 5250*d = 5252*d - 2*r - 74490. List the prime factors of d.
2, 67, 139
Suppose 0 = -2*v - 4*u - 16, -3 = v + 5*u + 17. Let l(x) = 3*x**3 + 2*x + 410. What are the prime factors of l(v)?
2, 5, 41
Let v = 828 - 190. Let c = -340 + v. List the prime factors of c.
2, 149
Let a = -2 + 3. Let c be (0/a + 2)/(8/20). Suppose 3*w - c*w + 94 = 0. List the prime factors of w.
47
Let d(b) = -b**2 - 9*b - 12. Let a be d(-7). Suppose c = a*c + 1, 4*s + 4*c = -2124. List the prime factors of (1 + 2)*s/(-15).
2, 53
Let w(f) = 1354*f + 221. List the prime factors of w(10).
3, 11, 139
Let j(x) = 3*x + 33. Let n be j(-11). Suppose -5*i - y + 5*y + 2938 = n, 1755 = 3*i - 5*y. What are the prime factors of i?
2, 5, 59
Suppose -2*f = 5*p - 10, 3*p + 4*f + 16 = 2*p. What are the prime factors of (-10)/p*254/(-5)?
127
Suppose 4*u = 9*u - 2*f - 2, -5*u - 3*f = 3. Let c be -6*1*(-73)/3. Suppose -3*v + c - 2 = u. List the prime factors of v.
2, 3
Let j(a) = a**2 - 2*a - 46. Let y be j(8). Suppose 43 = -y*i + 47. Suppose -2*q = 2*b + b - 778, -i*b + q = -521. List the prime factors of b.
2, 5, 13
Let t(x) = 22*x + 5. Let z be t(0). Suppose -3*g - 2082 = -z*g + 3*b, 4*g - 4136 = -b. List the prime factors of g.
3, 5, 23
Let x(g) = -9094*g - 18610. List the prime factors of x(-8).
2, 11, 23, 107
What are the prime factors of 16260 + 100 + 20/(-2)?
2, 3, 5, 109
Suppose -u - 29 = n - 0*u, -2*n - u - 58 = 0. List the prime factors of 498 + 0 - (-174)/n.
2, 3, 41
Suppose -p + 10 = -3*h - 104, 2*p - 5*h = 228. Let t = -112 + p. Suppose -2*v = -i - 146, -365 = -5*v + t*i + i. List the prime factors of v.
73
Let r = -8000 + 22070. List the prime factors of r.
2, 3, 5, 7, 67
Suppose 25787 - 575 = 21*i - 4650. List the prime factors of i.
2, 3, 79
Let y(g) = 805*g**2 - 6*g + 38. List the prime factors of y(3).
5, 1453
Suppose -5466 = 167*z - 171*z + g, -4*z + 5*g + 5490 = 0. What are the prime factors of z?
3, 5, 7, 13
Let t = -9367 - -13809. List the prime factors of t.
2, 2221
Suppose 86*z + 66300 = 34*z. Let j = z - -1978. List the prime factors of j.
19, 37
Let n(q) = -60 + 16 + 23 + 17 + 14*q + 7*q**2. List the prime factors of n(-8).
2, 83
Let b(d) = 33*d**2 - 67*d + 2841. What are the prime factors of b(41)?
181, 307
Suppose 4*v + 5*m = 49258, -5*m - 5 - 25 = 0. What are the prime factors of v?
2, 61, 101
Let f = 30 - 24. Let a(l) = 8*l**3 - 2*l**2 + 0 - 5 - 9*l**3 + 9*l**2. What are the prime factors of a(f)?
31
Let u = 11 - 11. Suppose -2*p - 87 = -5*l, 2*l + 3*l = -5*p + 115. Suppose -5*y + 2*d + 436 = u, -d - l - 67 = -y. List the prime factors of y.
2, 11
Let h be 1/(15/21)*(1 - -4). What are the prime factors of h + 2 + -4 - -737?
2, 7, 53
Let g(b) = -b**3 + 20*b**2 - 24*b - 150. Let p be (-7 - (-558)/45)/((-9)/(-30)). What are the prime factors of g(p)?
2, 3, 11
Suppose -4*n - 7 = p, -p + 5*p + 5*n - 5 = 0. Suppose -4*l + 3*l = p*w - 4266, 2*w - l - 1705 = 0. List the prime factors of w.
853
Let t be (16/(-20))/2 + 109634/10. Suppose -21*a = -12641 - t. What are the prime factors of a?
2, 281
Suppose 5*y - 5 = -i, 3*i + 3*y - 4 = 11. Suppose -2*d = i*q - 1155, q = -6*d + 5*d + 576. What are the prime factors of d?
5, 23
Let u = 6 + 2215. Let o = -1242 + u. List the prime factors of o.
11, 89
Suppose c - 569*b = -564*b + 59716, -2*b = 3*c - 179182. List the prime factors of c.
2, 29863
Let i(q) = q**3 - 23*q**2 - 22*q - 28. Let n be i(24). Suppose 4*p - 416 + n = 0. What are the prime factors of p?
3, 11
Let d = 15201 - 8045. List the prime factors of d.
2, 1789
Let w = 785 + -2388. Let r = 2568 + w. List the prime factors of r.
5, 193
Suppose 15554 = 2*z + m - 3*m, -3*z + 12*m = -23322. What are the prime factors of z?
2, 3889
Let w be (0 + -2)*174/(-12). Suppose 0 = -w*x + 1165 + 2315. What are the prime factors of x?
2, 3, 5
Let d(n) = -11*n + 65. Let y be d(-9). Suppose 5*g = 15, 0*g - 6 = 3*z - 2*g. Suppose 2*r - y - 126 = z. List the prime factors of r.
5, 29
Let f = 129 + -146. Let w = 21 + f. Suppose -3*u - 9 = 0, -k + 134 = k + w*u. List the prime factors of k.
73
What are the prime factors of (-14)/(25/((-46625)/10))?
7, 373
Let v be ((-100)/(-6))/(8/132). Suppose -3*n = -3*y - 6*n + 279, -3*y = -n - v. What are the prime factors of y/12*(0 + 3)?
23
Let c(z) = -4*z - 31. Let g be c(-9). Let o = g + -5. Suppose -k = -x - o*x - 88, 3*x + 88 = k. List t